+ 3*a = 6596. List the prime factors of p.
2, 5, 659
Suppose -5*l - 33 = -13. Let i be (l - 4)*15/(-12)*1. Suppose 6*v = i*v - 320. What are the prime factors of v?
2, 5
Let q be 2525/90 - 1/18. Suppose 9 = g - 2*h - 0, -4*g - 4*h + 12 = 0. Let k = q + g. What are the prime factors of k?
3, 11
Let a(z) = 2*z**2 - 25*z + 57. Let t be a(11). Let x = t + -8. List the prime factors of x.
2
Let l = -9465 + 13427. Suppose -l = -7*x + 756. List the prime factors of x.
2, 337
Let g = -841 - -824. What are the prime factors of (-2 - g)*(-7358)/(-78)?
5, 283
Suppose 4*t - 6124 = -2*r + 7362, 5*r = 3*t - 10082. List the prime factors of t.
3, 1123
Suppose -376*c + 371*c - 20 = 0. List the prime factors of c/18 - (-18160)/72.
2, 3, 7
Let n be (6/(-12))/(388/(-96) + 4). Suppose n*o = 4*o + 4968. List the prime factors of o.
3, 23
Let k = 66 - 90. Let o be (88/k - -1)*(-147)/4. Let l = o + -63. List the prime factors of l.
5, 7
Suppose 13043 = 76*j - 30353. List the prime factors of j.
571
Let l(c) = -c**3 - 29*c**2 - 55*c + 22. Let q be l(-27). Suppose -5*i - 4 = 3*n - 79, -n + q = 3*i. What are the prime factors of i?
2, 3
Let r = -131 - -134. Suppose -r*i + 20 = -i. Let l(g) = 14*g - 32. What are the prime factors of l(i)?
2, 3
Let a(k) = -8*k + 29. Let g be a(-10). Let r = g + -182. Let i = r + 108. What are the prime factors of i?
5, 7
Let x(z) = z**2 - 3*z + 47. Suppose -47 = -5*t + 8. What are the prime factors of x(t)?
3, 5
Suppose 2*y - 5*n = -0*y + 2078, 4*n - 16 = 0. Suppose 5*l = -349 + y. Suppose -2*c - 3*c + l = 0. What are the prime factors of c?
2, 7
Suppose -2*p = 3*a - 4*p + 80, a + 30 = 4*p. Let r = 32 + a. Let k = r + 52. List the prime factors of k.
2, 29
Let k(o) be the third derivative of 151*o**5/60 + 5*o**4/8 - o**3/6 + 4*o**2 + 6*o. What are the prime factors of k(1)?
3, 5, 11
Suppose 16*c - 20*c + 48 = 0. List the prime factors of 3741/c - ((-55)/(-20) + -3).
2, 3, 13
Suppose u = 4, 1610 - 586 = 4*p - 2*u. List the prime factors of p.
2, 3, 43
Let v(n) = 290*n - 151. What are the prime factors of v(15)?
13, 17, 19
Let u = 6691 - 3632. Suppose -14*t + u = 9*t. List the prime factors of t.
7, 19
Suppose -27 = -4*l + l. Let t(a) be the first derivative of 3*a**2 + 12*a + 14. List the prime factors of t(l).
2, 3, 11
List the prime factors of 107859/9 + (-65)/195.
2, 7, 107
Suppose -t = -u - 4955, 19823 = 4*t + 37*u - 38*u. List the prime factors of t.
2, 3, 7, 59
Let u(f) = 3*f**2 + 15*f - 99. What are the prime factors of u(-41)?
3, 13, 37
Let q(i) = -i**2 + 15*i - 44. Let c be q(11). Suppose 0 = -2*y + 5*o + 528, c = y - 5*y - o + 1078. List the prime factors of y.
269
Let n be 23 + (0 - 0) + 3. Suppose 4*s + 4*p = n - 90, -5*p = 4*s + 68. List the prime factors of (9/3)/(s/(-188)).
47
Suppose o - 35771 = -4*b, 4*o - 25955 = -4*b + 9801. What are the prime factors of b?
2, 13, 43
Suppose 22 - 7 = 5*g. Suppose -212 = -4*i - 4*u, 5*i - 312 = -g*u - 37. What are the prime factors of i?
2, 29
Let s be (0 + 1)/(18/90). Suppose 5*g + x = -2*x + 2440, 5*g = s*x + 2400. What are the prime factors of g?
5, 97
Let h = 53 - -190. Suppose -5*w - 10 = 0, -2*w + 4*w - h = -o. What are the prime factors of o?
13, 19
Let s(g) be the third derivative of g**4/24 + 3*g**3/2 - 12*g**2. Let f be s(-9). Suppose f = -5*r + 9*r - 84. What are the prime factors of r?
3, 7
Let k = -236 + 241. Suppose k*i - 3*g - 3314 = 0, -10*g + 1994 = 3*i - 9*g. List the prime factors of i.
2, 83
Let g(s) = -s**3 + 9*s**2 + s - 5. Let t be g(9). Suppose -11*b + t = -7*b. What are the prime factors of 158 + b + -15 + 13?
157
Let o(r) = -34*r + 4182. List the prime factors of o(-112).
2, 5, 17, 47
Let k = 5 - 3. Suppose 2*f - 5*c + 14 = 0, 6 - 5 = 3*f - k*c. Suppose -2*y + 790 = f*y - m, -4*m + 815 = 5*y. What are the prime factors of y?
3, 53
Let q(r) = -r**2 + 24*r + 88. Suppose -z - 4 = 5*x, -3*x - 7 = -z + 29. List the prime factors of q(z).
151
List the prime factors of (11*1063 - -2)/((-309)/(-618)).
2, 5, 2339
Let n(c) = 87237*c**3 + 443*c - 441. List the prime factors of n(1).
23, 3793
Let w(r) = 87*r**3 - r**2 + 6*r - 88. What are the prime factors of w(6)?
2, 7, 167
Let o = 24550 + -16145. List the prime factors of o.
5, 41
Suppose -4*z - 2*c = -0*z - 178304, -2*z - 4*c = -89158. What are the prime factors of z?
5, 1783
Let n be ((-12)/9)/(-4)*123 - -1. Let a = -49 + n. List the prime factors of -3 - ((-335)/4 + a/28).
3
Let n be (-3)/(-3) + -2 - (-1 + -356). Suppose -4*k - n = -5*k. List the prime factors of k.
2, 89
Suppose -2*j + 31 = 11. Let d(y) = -7*y + 101. Let w be d(14). Suppose 0 = -4*l - l - j, 164 = o - w*l. List the prime factors of o.
2, 79
Let x(f) = f**2 - 12*f + 34. Let z be x(8). Suppose 2*g = -3*b + 515, -5*g - z*b = -886 - 396. List the prime factors of g.
2
Suppose 86078 + 68788 = 15*h - 9*h. List the prime factors of h.
53, 487
Suppose 0 = p - h - 953, -1238 = -p + 2*h - 286. Suppose -p + 2778 = 8*f. Let t = -116 + f. List the prime factors of t.
2, 7
Let t(y) = -y**2 - 40*y + 29. Let l be t(-21). Suppose 3*k = l + 610. List the prime factors of k.
2, 173
Suppose 0 = -2*r + 325 + 10893. What are the prime factors of r?
71, 79
Let f = -118 - -119. List the prime factors of (8/(-6) + f)/(165/(-140085)).
283
Suppose -4*z = 2*u + 331 - 2069, -u - 2190 = -5*z. Suppose -4*h + 711 + z = 0. What are the prime factors of h?
7, 41
List the prime factors of 2446/(-3)*(-1023)/62.
11, 1223
Let q(o) = 3*o**3 - 79*o**2 - 9*o + 52. What are the prime factors of q(29)?
3, 41, 53
Suppose -142*d + 13992 = -136*d. List the prime factors of d.
2, 11, 53
Let b(k) = 59*k**2 + 7*k + 8. Let w be b(-1). Suppose 3640 = -55*c + w*c. List the prime factors of c.
2, 7, 13
Let b(h) = 2*h + 4. Let a be b(-4). Let v(w) = 4*w - 16. Let f be v(6). What are the prime factors of (4/f*77)/(a/(-8))?
7, 11
Let o(h) be the second derivative of -h**5/20 - 23*h**4/12 + 16*h**3/3 - 3*h**2/2 - 20*h - 3. List the prime factors of o(-26).
1193
What are the prime factors of (-8)/36 + 117429/27 + 0?
4349
Let u = -201 + 405. Suppose p - u - 805 = 0. List the prime factors of p.
1009
Suppose 6*c = 3*c - 18. Let k(q) = 0 + 9*q**2 + 8*q + 7944*q**3 - 7943*q**3 + 0. What are the prime factors of k(c)?
2, 3, 5
Let g(v) = -2*v**3 + 2*v - 5. Suppose 3*n + 309 = -3*a, 2*a - 2*n = 8 - 222. Let s = -108 - a. List the prime factors of g(s).
43
List the prime factors of 1*-25*623/(-35).
5, 89
What are the prime factors of 6/(-14) - (646260/(-14) + 13)?
2, 83, 139
Suppose -104 = -4*u - 32. Suppose -u*l = -12016 + 334. List the prime factors of l.
11, 59
Suppose -107*b + 104*b + 2526 = w, 3*w = 3*b - 2514. List the prime factors of b.
29
Let q = 5197 + -1165. What are the prime factors of q?
2, 3, 7
Let k be (14 - 16)/(1/(-6)). Suppose -2*w + 4*h + k = 0, 2*w - 2 = h + 1. Suppose 6*t + 0*t - 906 = w. List the prime factors of t.
151
Let m(o) = 2*o**3 - o**2 + 7*o + 1. Let a be m(3). Suppose -a = -8*x - 3. Suppose -2*j - x*j = -410. What are the prime factors of j?
41
Let j be (-4888)/(-6) + (-6)/9. Suppose 5*l + 2*h - 1385 = h, 4*h - j = -3*l. Suppose l = 7*x - 51. List the prime factors of x.
47
Let p(r) = 7 - 8 - 3 - 55 - 67*r - 13*r. List the prime factors of p(-13).
3, 109
Suppose l + 2*k - 14 = 5*k, 4*l - 5*k = 28. List the prime factors of ((-4)/(-8) - (-5)/l) + 418.
421
Suppose 4*t - 4*c = -388, 2*c = 2*t + 4*c + 178. Let h(r) = -r**3 - 19*r**2 + 12*r - 1. Let w be h(-19). Let k = t - w. List the prime factors of k.
2, 17
Suppose -4*a - 7*c = -16387, -3*a + 15680 = -c + 3446. List the prime factors of a.
7, 11, 53
Let o be 4/48*-3*-92. Let y(h) = 5*h + 25. List the prime factors of y(o).
2, 5, 7
List the prime factors of (16/20)/((-4)/(-9740)).
2, 487
Let i = 136 - -29053. List the prime factors of i.
17, 101
Let j be (-25)/2*(4/5 - 0). Let w(o) = o**3 + 9*o**2 - 9*o + 10. Let m be w(j). Suppose m*l - 2*l = -164. What are the prime factors of l?
2, 41
Let z(n) = 42*n + 3. Let c = 94 - 82. Suppose -7*v + c*v - 15 = 0. What are the prime factors of z(v)?
3, 43
Let v = 9004 + -5836. What are the prime factors of v?
2, 3, 11
Let p(j) = -j + 14. Let l be p(4). Suppose -3*t - l = -2*r, 11 = 4*r + 3*t - 9. Suppose -8*g = -r*g - 87. What are the prime factors of g?
29
Let o = -3368 + 8623. List the pri